
-123100
In base 3, what is 10021000 + -100012?
2220211
In base 11, what is -6637 + 1?
-6636
In base 3, what is -22102102222 - 11?
-22102110010
In base 10, what is -45155 - 35?
-45190
In base 16, what is 2 - 3de4e?
-3de4c
In base 12, what is -2897 + 17?
-2880
In base 4, what is -3 + 101002?
100333
In base 10, what is -73736 - -2?
-73734
In base 4, what is -12111322 - -123?
-12111133
In base 16, what is -2 + 16ceb?
16ce9
In base 16, what is -956 - -3?
-953
In base 14, what is -12189 + -2?
-1218b
In base 10, what is -20 + -7058?
-7078
In base 11, what is -564a - 4a0?
-603a
In base 15, what is b16 + -5d?
aa8
In base 12, what is -210 + 0?
-210
In base 16, what is -12 - 6052?
-6064
In base 8, what is -26702 + 3?
-26677
In base 3, what is -22202102 - -110000?
-22022102
In base 16, what is 16 + 457d?
4593
In base 11, what is -1009 + 10?
-aa9
In base 7, what is 42533 + -4?
42526
In base 6, what is -24 - 15145?
-15213
In base 9, what is 3 - 3662157?
-3662154
In base 2, what is 1000011010001101 + -1?
1000011010001100
In base 3, what is 21101122011 + 1?
21101122012
In base 10, what is 17825 + -2?
17823
In base 14, what is -2 + 8965b?
89659
In base 7, what is 14 - -33365?
33412
In base 4, what is 223000230 + 103?
223000333
In base 16, what is -45 + a74?
a2f
In base 15, what is -2 + -abe1?
-abe3
In base 2, what is 100001110 + 1101010100001?
1101110101111
In base 6, what is 1422312 - -13?
1422325
In base 7, what is 20303 - 306?
16664
In base 3, what is 20000200 - 1120?
12222010
In base 6, what is 3 - -11510?
11513
In base 13, what is -1b3 + -37?
-21a
In base 4, what is -3 + -100123?
-100132
In base 3, what is 10 - -11122220?
11200000
In base 10, what is -5776 - 82?
-5858
In base 14, what is 92 - 17a?
-c8
In base 5, what is -20 - -22104?
22034
In base 10, what is -990081 + 4?
-990077
In base 12, what is 4 + 115b1?
115b5
In base 13, what is 0 - -2691c?
2691c
In base 16, what is 12f4 + -4?
12f0
In base 16, what is -2 - -25d2e?
25d2c
In base 13, what is -1681c0 + 5?
-1681b8
In base 15, what is 67b - 4aa?
1c1
In base 5, what is -1002140 - 1220?
-1003410
In base 14, what is 3 - -4a03?
4a06
In base 2, what is -11001 - 101001000010?
-101001011011
In base 2, what is -10 - -1101111101?
1101111011
In base 5, what is -20 - 43222?
-43242
In base 12, what is -7 - -959?
952
In base 8, what is 2143 + -164?
1757
In base 12, what is 88 + 1261?
1329
In base 15, what is -27aa + -3b?
-27e6
In base 9, what is 380812 + 3?
380815
In base 16, what is -542 - 1e?
-560
In base 4, what is 122220 - -102112?
230332
In base 11, what is -9a561 - 1?
-9a562
In base 13, what is -2a2 + -26?
-2c8
In base 16, what is eab + -5?
ea6
In base 13, what is 12040 + -3?
1203a
In base 10, what is 719 - -228?
947
In base 16, what is -41 + -a590?
-a5d1
In base 12, what is -10b - 105?
-214
In base 14, what is 1348 - 1?
1347
In base 13, what is 318 + 398?
6b3
In base 14, what is 0 + -189d9d?
-189d9d
In base 8, what is 7614 + -166?
7426
In base 2, what is -11111111 + 101110011?
1110100
In base 9, what is 2861082 - 3?
2861078
In base 2, what is -110 + 10100111000101?
10100110111111
In base 13, what is 853 + -14?
83c
In base 8, what is 11 - -34347?
34360
In base 12, what is -298 + 42?
-256
In base 15, what is 5 - 12e44?
-12e3e
In base 10, what is -31108 + -19?
-31127
In base 2, what is 100 - 1010110000000000?
-1010101111111100
In base 4, what is 30 + 21220?
21310
In base 12, what is 24630 - 4?
24628
In base 8, what is -526 - -4155?
3427
In base 15, what is -66 + -5a4?
-61a
In base 8, what is -11403 + 22?
-11361
In base 14, what is 5637 - 8?
562d
In base 16, what is d78 + 9?
d81
In base 11, what is 4256a - 2?
42568
In base 8, what is 2 - -607665?
607667
In base 12, what is -1 - -26483?
26482
In base 13, what is 415 - -16a2?
1ab7
In base 15, what is -3 - 98d?
-991
In base 9, what is 10 - 1077?
-1067
In base 15, what is 12484 + c?
12491
In base 13, what is 20aca + -23?
20aa7
In base 10, what is 15 + 14941?
14956
In base 7, what is -1 + 230340?
230336
In base 14, what is -7303 + 4?
-72dd
In base 4, what is 13003 - 300223?
-221220
In base 10, what is -64162 - -2?
-64160
In base 12, what is 8049 - 1?
8048
In base 9, what is 1715171 + -1?
1715170
In base 3, what is -111002202210 - 22?
-111002210002
In base 3, what is -120020212 + -1?
-120020220
In base 12, what is 56a + -20?
54a
In base 8, what is 31 - 41424?
-41373
In base 2, what is 10 + -11111001000011101?
-11111001000011011
In base 13, what is 13239 - -5?
13241
In base 14, what is -14 + 4582?
456c
In base 5, what is 440 - -10?
1000
In base 6, what is -2 + 150124?
150122
In base 5, what is 4112 + -210?
3402
In base 4, what is -2 - 112100?
-112102
In base 10, what is 2 + -912362?
-912360
In base 14, what is -12496 + 5?
-12491
In base 11, what is -a + 112a1a?
112a10
In base 6, what is -2 - 1115224?
-1115230
In base 9, what is -336 + -8368?
-8715
In base 7, what is -5443 - 5?
-5451
In base 3, what is 2201 + -12020211?
-12011010
In base 10, what is 14607 + 19?
14626
In base 11, what is 32 - a393?
-a361
In base 4, what is -23 - 2330133?
-2330222
In base 8, what is -23345 + 4?
-23341
In base 11, what is -103778 + -5?
-103782
In base 2, what is 100100011001 - -101010011?
101001101100
In base 2, what is -11011100010011110 + 101?
-11011100010011001
In base 13, what is -1207 + 33?
-11a4
In base 12, what is -6 - -1500?
14b6
In base 13, what is 237aa + 5?
237b2
In base 2, what is 110 - 1010110000100?
-1010101111110
In base 6, what is -22 + 1222212?
1222150
In base 12, what is -29881 + 2?
-2987b
In base 15, what is 8 + -1ce0?
-1cd7
In base 13, what is -19 + 12582?
12566
In base 3, what is 10102110 - -11110?
10120220
In base 6, what is -151 - -330?
135
In base 15, what is -5 - -a12a?
a125
In base 3, what is 12 + 11212002110?
11212002122
In base 15, what is -2 - ecced?
-ecd00
In base 3, what is -1202201 + -1100?
-1211001
In base 9, what is -48 - -118613?
118554
In base 5, what is 10 - -204000?
204010
In base 13, what is -490 + 331?
-15c
In base 15, what is 3c + -842c?
-83e0
In base 10, what is -2 + -71357?
-71359
In base 11, what is 17954 - -116?
17a6a
In base 13, what is -c2 - -2018?
1c26
In base 3, what is 210112 + -1110100?
-122211
In base 9, what is 278 + -80?
188
In base 9, what is -210 - 267?
-477
In base 11, what is 2125 + 8?
2132
In base 2, what is 100111010001111 - -101?
100111010010100
In base 14, what is 4 + -d58b6?
-d58b2
In base 12, what is -6 - -b49?
b43
In base 2, what is 111111110011 + 111101110?
1000111100001
In base 11, what is -31012 - 5?
-31017
In base 6, what is -4420 + 25?
-4351
In base 16, what is -7d2 - d6a?
-153c
In base 16, what is -14a0 - -9?
-1497
In base 5, what is 12423414 + 3?
12423422
In base 2, what is 10010111010 - 0?
10010111010
In base 13, what is 0 + -6c56?
-6c56
In base 13, what is 135 + 849?
981
In base 8, what is -5 - 202272?
-202277
In base 14, what is -6798 + -129?
-68c3
In base 9, what is 5 + 11?
16
In base 14, what is -31b + 9?
-312
In base 13, what is 4 + 127c37?
127c3b
In base 10, what is 12 - -8351?
8363
In base 14, what is 47 + 6b1?
718
In base 9, what is -26675 - -2?
-26673
In base 9, what is 3728104 - 1?
3728103
In base 16, what is -501a + 4?
-5016
In base 6, what is -13 - 13150?
-13203
In base 9, what is 176 + -20?
156
In base 8, what is 1356063 - -5?
1356070
In base 8, what is 555357 - 21?
555336
In base 9, what is 5373531 + -2?
5373528
In base 7, what is 1030 + 64?
1124
In base 9, what is -371375 + -4?
-371380
In base 15, what is -ceee + 3?
-ceeb
In base 13, what is -20a7c - -19?
-20a63
In base 6, what is -4 + -145504?
-145512
In base 12, what is -3019 - 336?
-3353
In base 10, what is -216 - -604?
388
In base 12, what is -713 + -270?
-983
In base 15, what is 0 - -caee?
caee
In base 11, what is -507a3 + 0?
-507a3
In base 4, what is -32023011 - 23?
-32023100
In base 2, what is -101000101 - 1?
-101000110
In base 8, what is 333 - 23?
310
In base 4, what is -100 - 120012?
-120112
In base 7, what is -22024 - 22?
-22046
In base 8, what is 333373 - -5?
333400
In base 6, what is 43312 + -14?
43254
In base 3, what is -1220010012 + 121?
-1220002121
In base 11, what is -2301 - 0?
-2301
In base 9, what is -158 + -1843?
-2112
In base 11, what is 1 + 2649?
264a
In base 10, what is 122 - -3549?
3671
In base 16, what is -4c + 2de?
292
In b